- u. What is t(p)?
-1
Let z(k) = 3*k - 3. Suppose 3*d = -5*m + 15, -4*m + 20 = -4*d + 8. Give z(m).
6
Let s(h) = 6*h**2 - 6*h - 1. Let m = 24 + -14. Let k = m - 14. Let n(p) = -13*p**2 + 13*p + 2. Let y(q) = k*n(q) - 9*s(q). Calculate y(2).
-3
Let t(s) be the first derivative of -1/2*s**2 - 3 - 9*s. Give t(-4).
-5
Let n(a) = a**2 + 5*a + 6. Let z = 4 - 7. Let v = z - 2. Determine n(v).
6
Let h(r) = -r**3 + 3*r**2 + 4*r + 3. Let w = -16 + 20. Suppose o + 17 = w*b, 5*b - o + 6 - 27 = 0. Give h(b).
3
Suppose 0 = -4*f + 3*f + 6. Let x(o) = -2 + 2 + 6*o**2 + 1 - o**3. Determine x(f).
1
Let l(w) = 4*w - 1. Let m(a) = a - 1. Let p(c) = l(c) - 2*m(c). Calculate p(-3).
-5
Let x(g) be the second derivative of -g**7/840 + g**6/60 + g**5/15 - g**4/8 - g**3/2 + 6*g. Let y(d) be the second derivative of x(d). What is y(7)?
4
Let s(p) = 4*p**2 - 3*p + 3. Let g be 12*(0 + -2 + (-36)/(-16)). What is s(g)?
30
Let d(r) = -3*r + 4. Let n(y) = -8*y + 10 + 0*y + 2. Let u(k) = -11*d(k) + 4*n(k). Let t = -168 + 168. What is u(t)?
4
Let o(q) = -11 - 2*q - 3 + 19. Determine o(4).
-3
Suppose 3*m + 9 = -3*j, 5*j - 46 = 3*m - 21. Let n(u) be the second derivative of -u**2 - 1/6*u**3 + 1/4*u**4 + 0 + 2*u. Calculate n(j).
8
Let j(n) be the second derivative of 1/2*n**2 + 0 + 6*n + 1/20*n**5 + 1/2*n**3 + 5/12*n**4. Calculate j(-2).
7
Let h(j) = 2*j**2 - 2*j - 1. Let s be h(-1). Suppose -30 = -9*a + 15. Let x(b) = a*b - s + 3 - 1 - 4*b. Calculate x(-2).
-3
Let x = 6 - 4. Let k = 21 - 11. Let l(g) = -12*g + 20*g - k*g. Determine l(x).
-4
Let a(l) be the first derivative of -l**2/2 + 2*l + 1. What is a(-2)?
4
Let k(h) be the first derivative of -h**2/2 - h + 14. Determine k(0).
-1
Let b = -3 + 8. Let f(a) = -a**2 + 1. Let x(r) = -2*r**2 + 5*r - 5. Let i(p) = -f(p) + x(p). Let w be i(b). Let o(s) = -s**3 - 6*s**2 + s + 6. What is o(w)?
0
Let k(c) = c**2 + 9*c + 3. Let j = -34 - -26. Give k(j).
-5
Let a(w) be the third derivative of w**6/120 - 11*w**5/60 - w**4/24 + 2*w**3/3 + 60*w**2. Give a(11).
-7
Let c(t) = 2*t**2 + 2*t + 3. Suppose -h - 3*l + 15 = 0, -5 - 20 = h - 5*l. Let k(p) = p**2 + p - 4. Let i be k(h). Let d = i + 2. What is c(d)?
7
Let g(l) = -l**3 - 7*l**2 + 5*l + 6. Let f(x) = -x**2 - 11*x - 37. Let s be f(-6). Give g(s).
-29
Let b(w) be the third derivative of w**6/120 - w**5/15 + w**4/24 - 2*w**3/3 - 2*w**2. Determine b(4).
0
Let k(y) be the first derivative of -y**4/4 + 2*y**3/3 + 3*y**2/2 - 2*y + 11. Suppose a - 10 = -2*b, 3*b + a - 10 = 2*a. Suppose b*m = 6*m - 6. What is k(m)?
-2
Suppose 2*o = -c - 6, -5*c - 2*o - 25 = 21. Let x be (6/(-10))/(2/c). Let v(k) = k + 3 - 1 + 1 - k**2 + x*k. Calculate v(4).
3
Let p(t) = -21*t + 2*t**2 + 4*t**2 + 21*t - 1. Calculate p(-1).
5
Suppose -2*v = -4*f + 6, 0 = -5*f - 6*v + v + 45. Let n(c) be the second derivative of -1/4*c**4 - 5/2*c**2 - 1/2*c**3 + 4*c + 0 + 1/20*c**5. What is n(f)?
-1
Let o(t) be the second derivative of t**3/6 + 7*t**2/2 - t. Suppose -16 - 14 = 5*h. Calculate o(h).
1
Let p(d) = d**2 - 10*d + 13. Let m be p(9). Let u(f) = -3*f + m*f - 3*f. What is u(-6)?
12
Suppose y = -4*c + 9, -c + 3*y + 5 = 3*c. Let w = -3 + c. Let v be 1*(w - (1 + -2)). Let t(o) = -o**2 - o - 3. Determine t(v).
-3
Let t(z) = -z**2 + 5*z - 1. Let q be t(5). Let r(b) = 8*b - 6137 + 6137 - 2*b. What is r(q)?
-6
Let j(k) = k**2 + k - 3. Suppose -o = 5*l - 11 - 9, 3*l = 2*o - 1. Suppose 0 = h - 0*h + l*c, -3*h - 2*c - 14 = 0. Let s be 58/(-18) - h/27. Calculate j(s).
3
Let x(d) = -d**3 - 4*d**2 + 7*d + 2. Suppose 0 = 2*j - 3 - 31. Let p = 12 - j. Determine x(p).
-8
Suppose 9*h - 11*h + 8 = 0. Let c(t) be the first derivative of 2 + 1/4*t**h + 2*t + 1/2*t**2 + t**3. Give c(-3).
-1
Let s be 1/1 + 2*-5. Let t = s + 6. Let w(b) = -b**2 - 3*b. What is w(t)?
0
Let d(l) be the second derivative of l**4/12 + 11*l**2/2 - l. What is d(0)?
11
Suppose 9*y + 5 = 4*y. Let q = -2 + 3. Let l(u) = -1. Let d(w) = w**2 - w - 2. Let x(z) = q*d(z) - l(z). Determine x(y).
1
Let j(b) = -3*b - 14 - b + 11 + 8 - b**2. Give j(-7).
-16
Let m be -3*(4/(-3) - 0). Let h(q) = q + 4. Let c(p) = -5*p - 20. Let r(l) = -2*c(l) - 11*h(l). Calculate r(m).
-8
Let x(c) be the first derivative of -5*c**3/3 + c**2/2 - c + 1. Let y be 2/6*(8 - 10/2). Give x(y).
-5
Let v(b) = b**2 - b - 3. Let i be v(-2). Let z = -4 - -1. Let k = i + z. Let o(r) = -r + 1. Determine o(k).
1
Suppose c = 5*a - 16, 9 + 4 = 4*a - c. Let w(o) = -2*o + 3. What is w(a)?
-3
Let j(s) = 4*s - 1. Let v be 8/4 + 6/(-2). Let o be j(v). Let u(h) = -h - 1. Calculate u(o).
4
Let n(p) = 7*p**2 + 3*p + 7. Let f(t) = -13*t**2 - 6*t - 13. Let d(u) = -6*f(u) - 11*n(u). Determine d(-3).
1
Suppose 0 = 4*l + 34 - 10. Let y(w) be the second derivative of -w**3/6 - 3*w**2 + 3*w. Give y(l).
0
Let d(v) = v**3 - 7*v**2 + 5*v + 7. Let o(k) = -k + 6. Let f be o(0). Determine d(f).
1
Let y be 0/(5 + -7 - (0 - 4)). Let q(s) = s**2 - 3. What is q(y)?
-3
Let p(o) = -o + 1. Let r be 2/(-4)*(-10)/(-1 - -2). What is p(r)?
-4
Let x(p) = -p**3 + 4*p**2 + 9*p - 11. Let i be x(5). Let k(n) = -n**2 + 8*n + 1. What is k(i)?
-8
Let j(a) = a**3 + 3*a**2 + 4. Let i be 8/24 - (-14)/3. Suppose 0 = o - 3*r + 9, -3*o - 12 = -i*r + 7. Give j(o).
4
Let z be (7 + -1*(-1)/1)/2. Let l(s) = -2*s + 2. Determine l(z).
-6
Let b(y) = -16*y - 2. Let h be b(-2). Suppose 3*j - h = -2*j - 5*s, -9 = -j - 4*s. Let c(r) = -j - r**2 + 4*r + 2 + 2. Determine c(5).
-6
Let c(t) be the first derivative of -t**3/3 + 2*t + 2. Suppose g = -3*r - g - 20, 0 = 5*r + 5*g + 40. Let d(m) = m**2 + 3*m - 4. Let s be d(r). Determine c(s).
2
Let f(r) = r - 13. Suppose 3*p = 2*p + 1. Let m be (-1 - -1)*(0 - p). Give f(m).
-13
Let y(l) = -8*l + 9. Let i(g) = 3*g - 3. Let k(x) = -11*i(x) - 4*y(x). Calculate k(-6).
3
Let v(n) = 3*n**3. Let w be (3/2)/(54/792). Let r = -23 + w. What is v(r)?
-3
Suppose 15 - 3 = 4*g. Suppose 0*v = -3*v - g. Let q(c) = -3*c + 4*c - 3*c. Calculate q(v).
2
Suppose 3 = p - d, -4*d = -5*p - 0*d + 13. Let i(j) = -3 + 3*j + 2 - j. What is i(p)?
1
Let i(o) = 11*o**3 - o**2. Let x(z) = 34 - 36 + 3*z**2 - z**2 - 4*z + z**3. Let l be x(-3). What is i(l)?
10
Let z be 4/(-14) + (-32)/(-14). Let n(s) = s**3 - 2*s**2 + 4*s - 2. Give n(z).
6
Let q(g) = 3*g**2 + 17*g - 8. Let o(w) = -2*w**2 - 9*w + 4. Let p(a) = -5*o(a) - 3*q(a). Calculate p(4).
-4
Let o(i) = -i**2 + 6*i - 3. Suppose -3*w + 9 = 2*u - u, -15 = -3*w + u. Suppose w*d - 6 = 10. Let f be (-2 - -3) + -1 + d. Calculate o(f).
5
Let s(q) = -q**3 - q**2 - q - 7. Let w(a) = a**3 + 15*a**2 - 15*a + 16. Let k be w(-16). Give s(k).
-7
Let h(f) = -3*f - 20. Let w be h(-5). Let b(k) = -k**3 - 5*k**2. Give b(w).
0
Let i be ((2 - 9) + 2)*1. Let p(j) = -j**3 + 1018*j**2 + 4 - 1012*j**2 + 7*j + 2*j**3. Give p(i).
-6
Let l(c) = c - 11. Let o be (3 + -2 + 3)*(-60)/(-24). What is l(o)?
-1
Suppose 0 = -5*s + 2 - 27. Let w(x) be the first derivative of 1/4*x**4 - 1 - 3*x + 5/3*x**3 + 0*x**2. Give w(s).
-3
Let s(x) = x**3 - 5*x**2 + 4*x + 3. Let v be s(4). Let k(m) = m**v - 1 - m - 1 + 1 - 2*m**2 + 0*m. Calculate k(3).
5
Let t(y) = 2*y**2 + 3*y**2 + 2 + y**3 + 0*y**3. Let r be t(-5). Suppose -6 = -r*p + 4. Let l(w) = -w**3 + 6*w**2 - 7*w + 4. Determine l(p).
-6
Let n(z) = -2*z**2 + 2 + 3 + z**2 + 2*z. Let d(q) = -q**2 - 11*q + 5. Let l be d(-10). Let u = l - 11. Give n(u).
-3
Suppose -2*y = 5*m - m + 18, y - 4*m - 15 = 0. Let x(i) be the second derivative of -3*i**4/4 + i**3/6 + i**2/2 + i. Calculate x(y).
-9
Let v(l) = 3*l**3 - 9*l**2 + 8*l - 10. Let c(g) = -7*g**3 + 19*g**2 - 17*g + 21. Let q(i) = -2*c(i) - 5*v(i). Determine q(6).
8
Let d = 21 + -15. Let z(k) = -7*k**3 + 7*k**2 - k - 19. Let p(v) = -4*v**3 + 3*v**2 - v - 10. Let w(m) = -5*p(m) + 3*z(m). Determine w(d).
5
Let x(g) = -g**2 - g + 1. Let b = -23 + 24. Calculate x(b).
-1
Suppose 2*o - 1 + 7 = 0. Let r(v) = 11*v**3 + 10*v**3 - 22*v**3 - 3*v**2 - 3 + 1. What is r(o)?
-2
Suppose -5*y - 4*w + 1 = -3, 0 = w + 4. Suppose -3*k + y = -k. Let c(q) = 3 + 0*q + 5*q - k*q - 2. Give c(2).
7
Let c(v) = -v**3 + 4*v**2 + 5*v + 4. Let k be 1 + 3 + 0/(-2). Suppose 0 = -4*s + 1 + 35. Suppose -21 = -x - 4*x + 4*m, s = x + k*m. Calculate c(x).
4
Let i(y) = -2*y + 4. Suppose -3 = s + 1, 0 = 2*j + 2*s. What is i(j)?
-4
Suppose 2*w = -0*w - 6. Let y(f) = -f**2 - 2*f + 2. Calculate y(w